or of x and 5.
5
Suppose -2*c + 3*s + 376 = 0, 0 = -3*c + 3*s - 107 + 668. Let r be (-3)/27 + (-4002)/(-54). Calculate the highest common factor of r and c.
37
Let w(r) = 3*r + 66. Let o be w(-15). Suppose -56 = 17*f - o*f. Calculate the highest common divisor of 42 and f.
14
Let d = 13724 + -13680. Calculate the highest common factor of 539 and d.
11
Suppose 48 = 3*r + 5*z, 3*r - 21 = -97*z + 101*z. Let d = 57 - 24. What is the greatest common divisor of d and r?
11
Let w = -2847 + 2869. What is the highest common divisor of w and 814?
22
Let o = -4081 - -4717. What is the highest common divisor of 48 and o?
12
Suppose 2*v - 5*a - 290 = 0, 511 - 369 = v - 3*a. Calculate the greatest common factor of 4880 and v.
80
Let n(x) = 8*x**2 + 7*x - 12. Let i be n(2). Let s = 84 - -52. Calculate the highest common factor of s and i.
34
Let c be 16 + 4 + 2/2. Let r(m) = 2*m**3 - 213*m**2 - 106*m + 229. Let t be r(107). Calculate the greatest common divisor of t and c.
21
Suppose 11*h + 60 = 1886. What is the greatest common divisor of h and 2075?
83
Suppose 287*l = 137*l + 141*l + 792. Calculate the highest common factor of l and 2068.
44
Suppose -93 + 83 = -5*t. Suppose -5*z + 33 = t*p, -5*z + 2*z + 15 = 0. Let k(x) = -x**2 + 4*x + 4. Let n be k(4). What is the highest common divisor of p and n?
4
Suppose -5*w = 3*s - 2308, -555*s + 3*w = -558*s + 2292. What is the highest common divisor of 44 and s?
4
Let z = -3517 + 3593. What is the greatest common factor of z and 190?
38
Let f(g) = 59*g - 910. Let v be f(29). Calculate the greatest common factor of v and 178.
89
Suppose -3*h + 2*i + 35 = 0, 2*h + 5*i - 33 = 22. Let y(p) = -24 - h - p**2 + 8 - 16*p. Let r be y(-13). What is the greatest common factor of 4 and r?
4
Let m(h) = -h**3 - 29*h**2 + 25*h - 145. Let a be m(-30). Calculate the highest common factor of 1445 and a.
5
Suppose 5*g = -3*q + 23051, 2271*q + 2*g + 30804 = 2275*q. Calculate the highest common factor of q and 43.
43
Let r be (-2)/(-9) - 700/(-9). Suppose 10062 + 9693 = 83*a + 4649. Calculate the highest common divisor of r and a.
26
Suppose -26*i - 588 = -640. What is the greatest common factor of 622 and i?
2
Suppose -6*f + 273*f - 306541 - 13859 = 0. Calculate the greatest common factor of 350 and f.
50
Let p(j) = 70*j**2 - j + 1. Let y be p(1). Suppose 0*i + 7*i + y = 0. Let h(z) = z**2 + 7*z + 15. Let k be h(i). What is the greatest common factor of 30 and k?
15
Let i be (2 + -1 - -2)*-18. Let x be (4 - (-8)/12*-7)*i. Suppose 3*n = 0, -4*h - 2*n + 36 = -2*h. Calculate the greatest common factor of x and h.
18
Suppose -15*o + 1463 = -6622. Calculate the highest common divisor of o and 11.
11
Let n(a) = -61*a + 8826. Let r be n(136). Calculate the highest common divisor of 7526 and r.
106
Suppose c = 5*h - 1268, h - 504 + 235 = -2*c. Calculate the greatest common factor of 4029 and h.
51
Let q = 7224 + -2112. What is the greatest common factor of 36 and q?
36
Let n = 4 + 0. Suppose i - n = 4*q, q - 5*q - 2*i + 8 = 0. Suppose -168 = -2*b - q*b. Calculate the greatest common divisor of 56 and b.
28
Let p be ((-84)/36)/(42/(-4788)). What is the greatest common factor of 1216 and p?
38
Let m = 2026 + -1904. What is the highest common factor of 9150 and m?
122
Let n(i) = 53 + 11 - 4*i + 8*i + i**3 - 22. Let v be n(0). What is the highest common divisor of v and 14?
14
Suppose 294 = x - w, 8*w - 1175 = -4*x + 11*w. Let m = -183 + x. What is the greatest common divisor of m and 20?
10
Suppose 496 = 3*b - 2*g, 2*b - 289 = 4*g + 55. Calculate the greatest common divisor of b and 729.
81
Let p(w) be the second derivative of 11*w**4/12 + 3*w**3/2 - 11*w**2 - 76*w. Let z be p(2). What is the highest common divisor of 40 and z?
40
Suppose 108*d = 98*d + 290. Calculate the highest common factor of 203 and d.
29
Let f = 31 + -15. Suppose 3*j + 2*o = f, 2*o = -4*j + 11 + 7. Let d = 978 - 972. What is the highest common divisor of j and d?
2
Suppose 2*t + 892 = -4*d, -3*t - 352 = 4*d + 540. Let r be d/(-2) - (-9 - (-187)/22). Calculate the greatest common factor of r and 16.
16
Suppose -4*c = y + 95, 8*c = -y + 6*c - 105. Let j = y + 165. What is the highest common factor of j and 250?
50
Let r(h) = h**3 + 13*h**2 - 54*h - 530. Let s be r(-14). What is the highest common divisor of 3390 and s?
30
Let a = 3998 + -3943. Suppose 0 = 2*b - 5*i - 43, b - i = 6*b - 40. Let u(z) = -z**2 + 10*z - 4. Let c be u(b). What is the greatest common divisor of a and c?
5
Let o be -6*(-16)/(-12) - -14*2. Calculate the highest common divisor of 2280 and o.
20
Let b be (22214/(-8))/((-2)/(-40)*-5). What is the highest common factor of b and 29?
29
Let z be 77*(8/(-3))/(532/(-114)). What is the highest common divisor of 5 and z?
1
Suppose -253 = -14*o - 13*o + 4*o. What is the greatest common factor of o and 583?
11
Suppose -6*t + 19 = 1. Suppose d + 2*d + 255 = 4*p, t*d + 4*p + 231 = 0. Let j = 126 + d. What is the highest common factor of 90 and j?
45
Suppose 72 = 29*f - 21*f. Let a(w) = w**3 + 11*w**2 - w - 8. Let u be a(-11). Let o(v) = v. Let g be o(u). What is the highest common factor of f and g?
3
Suppose 2*c + 750 = 5*l, 98*c + 765 = 5*l + 99*c. What is the greatest common factor of l and 9614?
38
Let a(z) = 16*z - 394. Let b be a(43). Calculate the highest common divisor of 1960 and b.
98
Let m(f) = -4*f**3 - 2*f**2 + 5*f - 8. Let j be m(-4). Suppose -16*t + j = -9*t. What is the greatest common divisor of 224 and t?
28
Suppose 0 = -1379*b + 1371*b + 5888. What is the greatest common divisor of b and 128?
32
Let n be (3306/(-145))/(6/(-20)). Let l = n - 66. What is the greatest common factor of l and 95?
5
Suppose 356*q = 360*q - 4*n - 52884, 20 = -4*n. What is the greatest common factor of 224 and q?
224
Suppose 12 = -5*w + 37, -160 = -5*s - 4*w. Let b be (-20 + 8)/(2/5*-1). Let n(h) = 4*h + 20. Let a be n(b). What is the highest common factor of s and a?
28
Let h = 3541 - 3209. What is the greatest common factor of 747 and h?
83
Let c(v) = 15*v**2 + 2*v. Let a be c(-2). Let z = -916 + 951. What is the greatest common factor of a and z?
7
Let m = 1271 - 1268. Let p be 1/(-2) - 1/(-2). Suppose p = -3*k + 4*k - 3. What is the highest common factor of k and m?
3
Let y = -55 + 84. Let i = y + -17. Let g(h) = h**2 - 8*h - 2. Let s be g(i). What is the highest common divisor of s and 69?
23
Suppose -213 = 4*q + 3*v, -5*q + 5*v + 95 = 370. Let l be q/891 - (-233)/33. Calculate the greatest common factor of 112 and l.
7
Let d be (-12652)/6*(-3)/18 + (-344)/774. Calculate the greatest common divisor of d and 6.
3
Let m = 21138 - 20489. What is the highest common divisor of 55 and m?
11
Let d = 23448 - 23392. What is the highest common factor of d and 2064?
8
Let a = 138 - 134. Suppose a*q - 306 = 2*c, -4*c - 231 = -3*q - 2*c. Calculate the greatest common divisor of q and 30.
15
Suppose 22*y - 1066 = 11*y + 12178. Calculate the greatest common divisor of y and 28.
28
Let m = -52 + 76. Let g be (-10 + 11)/((-3)/96*-1). Let i = 80 - g. Calculate the greatest common divisor of m and i.
24
Let j(p) = p**2 + 7*p + 11. Let h be j(-6). Let y(k) = -k**2 - 7 - 7*k + 3*k - 3 + 16*k. Let b be y(10). Calculate the greatest common divisor of b and h.
5
Let o = -479 - -483. Suppose 0 = o*p - 8, 0 = n - 3*p - 53 - 9. Calculate the greatest common factor of n and 476.
68
Suppose 4*i + 145 = 2*f + 2583, 3*i + 5*f = 1796. Suppose 3*p - i = 191. Calculate the highest common factor of 114 and p.
38
Let g(a) = 7*a**2 + 6*a + 6. Suppose -8 = l - 5. Let w be g(l). Let j = 73 - w. Calculate the highest common factor of 2 and j.
2
Let z = -11 + 9. Let h be 12/15 - (63/(-15) - z). Suppose 6*i - 5*t = i + 955, -h*t - 381 = -2*i. Calculate the greatest common divisor of i and 32.
32
Suppose -8*n - 4*n + 516 = 0. Let p = 46 - n. Suppose -p*d + 0*j = -4*j - 78, -6 = 2*j. What is the highest common factor of 176 and d?
22
Suppose -7*d = -2*d - 1620. Let q be 644/18 + 213 + -208 + (-43)/9. What is the highest common factor of q and d?
36
Suppose -4 = -2*z + 4. Suppose j + 4*j - 24 = -2*x, -3*x = -z*j + 10. Let c be (-4 - -3)/((-2)/j). Calculate the greatest common factor of 4 and c.
2
Let g be 85/(-15) + 28/6 + -4. Let c be (g/(-2) + 0)/(88/4400). What is the highest common factor of 25 and c